{"id":51,"date":"2012-05-21T10:16:29","date_gmt":"2012-05-21T10:16:29","guid":{"rendered":"http:\/\/dacruz.pt\/?page_id=51"},"modified":"2014-03-05T12:02:01","modified_gmt":"2014-03-05T12:02:01","slug":"pensamentos","status":"publish","type":"page","link":"https:\/\/dacruz.pt\/?page_id=51","title":{"rendered":"Pensamentos"},"content":{"rendered":"<p>Nunca desvalorize ningu\u00e9m na sua vida!<br \/>\nPode ser poderoso hoje, mas lembre-se que o tempo \u00e9 ainda mais poderoso: as circunst\u00e2ncias podem mudar a qualquer momento.<br \/>\n\u2022Um p\u00e1ssaro pode comer muitas formigas, mas \u2026 quando morre \u00e9 por elas comido.<br \/>\n\u2022Uma \u00e1rvore faz um milh\u00e3o de f\u00f3sforos, mas basta apenas um f\u00f3sforo para queimar um milh\u00e3o de \u00e1rvores.<\/p>\n<p>Quanto mais o homem pensa, mais apto se torna para pensar, e a educa\u00e7\u00e3o n\u00e3o \u00e9 mais do que a cria\u00e7\u00e3o met\u00f3dica do h\u00e1bito de pensar.<br \/>\nErnest Dimnet<\/p>\n<p>Vivemos todos sob o mesmo c\u00e9u, mas nem todos temos os mesmos horizontes.<br \/>\nKonrad Adenauer<\/p>\n<p>Todos desejam ardentemente ter a verdade do seu lado e muito poucos optam por estar do lado da verdade.<br \/>\nRichard Whatley<\/p>\n<p>Nada de desgosto nem de des\u00e2nimo; se acabas de fracassar, recome\u00e7a.<br \/>\nMarco Aur\u00e9lio<\/p>\n<p>\u00c9 verdadeiramente velho o homem que p\u00e1ra de aprender, quer tenha 20 ou 80 anos.<br \/>\nHenry Ford<\/p>\n<p>Aquele que usa palavras dif\u00edceis, n\u00e3o est\u00e1 a tentar informar; est\u00e1 a tentar impressionar.<br \/>\nO. Miller<\/p>\n<p>Educai as crian\u00e7as e n\u00e3o ser\u00e1 necess\u00e1rio castigar os homens.<br \/>\nPit\u00e1goras<\/p>\n<p>Criar um filho significa, basicamente, ensin\u00e1-lo a passar sem n\u00f3s.<\/p>\n<p>A amizade multiplica as alegrias e divide os aborrecimentos.<\/p>\n<p>Cair n\u00e3o \u00e9 um perigo nem uma desonra. Mas n\u00e3o se levantar \u00e9 as duas coisas.<br \/>\nKonrad Adenauer<\/p>\n<p>Considero o homem rico unicamente aquele que vive com o que tem, nada deve e est\u00e1 contente.<br \/>\nS.Howe<\/p>\n<p>O meu interesse est\u00e1 no futuro, porque \u00e9 nele que vou gastar o resto da minha vida.<br \/>\nKettering<\/p>\n<p>Muitos homens, hoje, desesperam porque \u00e0 medida que crescem julgam poder passar sem Deus.<br \/>\nMichel Quoiste<\/p>\n<p>Em todos os assuntos, tais como o amor, a filosofia, pol\u00edtica ou neg\u00f3cios, \u00e9 de boa norma colocar-se, de vez em quando, uma interroga\u00e7\u00e3o ao lado dos resultados que t\u00ednhamos como verdadeiros.<br \/>\nBertrand Russel<\/p>\n<p>Qualquer coisa que fa\u00e7a muito barulho \u00e9 satisfat\u00f3ria para a multid\u00e3o.<br \/>\nCharles Dickens<\/p>\n<p>O mal da igualdade \u00e9 que n\u00f3s s\u00f3 a queremos ter em rela\u00e7\u00e3o aos nossos superiores.<br \/>\nHenry Becque<\/p>\n<p>As pessoas discutem porque, geralmente, lhes faltam os argumentos.<br \/>\nGilbert Chesterton<\/p>\n<p>Para a nossa avareza, muito \u00e9 pouco e para a nossa necessidade, o pouco \u00e9 muito.<br \/>\nS\u00e9neca<\/p>\n<p>Aquilo que muitas vezes pedimos a Deus n\u00e3o \u00e9 que nos ajude a fazer a Sua vontade, mas que aprove a nossa.<br \/>\nGuldepost<\/p>\n<p>Deve-se perdoar ao humilde e guerrear o soberbo.<br \/>\nVirg\u00edlio<\/p>\n<p>Os costumes podem n\u00e3o ser t\u00e3o prudentes como as leis, mas s\u00e3o sempre mais populares.<br \/>\nBenjamim Disraeli<\/p>\n<p>N\u00e3o existe maior loucura do Mundo do que um homem entrar em desespero.<br \/>\nMiguel Cervantes<\/p>\n<p>Felicidade \u00e9 uma mercadoria maravilhosa: quanto mais se distribui, mais se tem.<br \/>\nBlaise Pascal<\/p>\n<p>Deus n\u00e3o \u00e9 silencioso: n\u00f3s \u00e9 que somos surdos.<br \/>\nP. Sertillanges<\/p>\n<p>A estupidez coloca-se na primeira fila para ser vista; A intelig\u00eancia coloca-se na retaguarda para ver.<br \/>\nBertrand Russel<\/p>\n<p>H\u00e1-de vir o tempo em que os homens h\u00e3o-de compreender que mais vale viver, auxiliar-se, amar-se, do que despeda\u00e7ar-se e destruir-se.<br \/>\nAlexandre Dumas<\/p>\n<p>N\u00e3o abandones as tuas ilus\u00f5es. Sem elas podes continuar a existir, mas deixas de viver.<br \/>\nMark Twain<\/p>\n<p>Uma vida feliz tem de ter, em grande parte, uma vida calma, pois s\u00f3 numa atmosfera tranquila pode reinar a alegria.<br \/>\nBertrand Russel<\/p>\n<p>Se fizeres do dinheiro o teu Deus, ele assombrar-te-\u00e1 como o dem\u00f3nio.<br \/>\nHenry Fielding<\/p>\n<p>Quanto maiores s\u00e3o as dificuldades a vencer, maior ser\u00e1 a gl\u00f3ria.<br \/>\nC\u00edcero<\/p>\n<p>Anima-te por teres de suportar as injusti\u00e7as; a verdadeira desgra\u00e7a consiste em comet\u00ea-las.<br \/>\nPit\u00e1goras<\/p>\n<p>Toda a gente pensa em mudar a humanidade, mas ningu\u00e9m pensa em mudar-se a si mesmo.<br \/>\nLeon Toistoi<\/p>\n<p>Quando se \u00e9 amado, n\u00e3o se duvida de nada. Quando se ama, duvida-se de tudo.<br \/>\nColette<\/p>\n<p>O destino dos grandes homens \u00e9 serem caluniados durante a vida e admirados depois da morte.<br \/>\nMadame Pompadour<\/p>\n<p>A melhor maneira que o homem disp\u00f5e para se aperfei\u00e7oar, \u00e9 aproximar-se de Deus.<br \/>\nPit\u00e1goras<\/p>\n<p>Reze como se tudo dependesse de Deus e trabalhe como se tudo dependesse de si.<br \/>\nCardeal Spellman<\/p>\n<p>A mulher que se acha inteligente reclama igualdade de direitos com os homens. Mas a mulher que \u00e9 realmente inteligente n\u00e3o o faz.<br \/>\nColette<\/p>\n<p>Para falar brevemente sobre um assunto, estude-o longamente.<br \/>\nH.Breckinndge<\/p>\n<p>Aprender \u00e9 como remar contra a corrente; \u00e9 s\u00f3 parar e anda-se para tr\u00e1s.<\/p>\n<p>Quem pergunta \u00e9 ignorante por cinco minutos; quem n\u00e3o pergunta \u00e9 bobo para sempre.<\/p>\n<p>\u00c9 t\u00e3o arriscado acreditar em tudo como n\u00e3o acreditar em nada.<br \/>\nD. Diderot<\/p>\n<p>A f\u00e9 pode n\u00e3o mover montanhas, mas ajuda a subi-las.<br \/>\nHumberto Pagiola<\/p>\n<p>A raz\u00e3o porque os fantasmas abandonaram os velhos castelos da Esc\u00f3cia \u00e9 porque as pessoas deixaram de acreditar neles.Chesterton<\/p>\n<p>O verdadeiro ignorante n\u00e3o \u00e9 quem n\u00e3o sabe, \u00e9 quem falsamente se persuade de saber.<\/p>\n<p>Nunca se pode concordar em rastejar quando se sente \u00edmpeto de voar.<br \/>\nTuc\u00eddedes<\/p>\n<p>A vida \u00e9 como uma sala de espect\u00e1culos: entra-se, v\u00ea-se e sai-se.<br \/>\nPit\u00e1goras<\/p>\n<p>O mundo \u00e9 um mar perigoso. Quem n\u00e3o sabe nadar vai ao fundo.<br \/>\nMendon\u00e7a Tr\u00e9mont<\/p>\n<p>A cabe\u00e7a, como o est\u00f4mago, \u00e9 mais facilmente envenenada quando est\u00e1 vazia.<\/p>\n<p>Cada pessoa cava a sua sepultura com os dentes.<\/p>\n<p>\u00c9, realmente, um grande aborrecimento o facto de a sabedoria s\u00f3 poder ser adquirida atrav\u00e9s de trabalho \u00e1rduo.<br \/>\nSomerset Maugham<\/p>\n<p>Um casamento feliz exige que nos apaixonemos muitas vezes e sempre pela mesma pessoa.<\/p>\n<p>\u00c9 melhor correr o risco de salvar um homem culpado do que condenar um inocente.<br \/>\nVoltaire<\/p>\n<p>H\u00e1 pessoas extremamente pobres que s\u00f3 t\u00eam dinheiro.<\/p>\n<p>Se se propuser a descrever a verdade, trate de deixar a eleg\u00e2ncia por conta do alfaiate.<br \/>\nAlbert Einstein<\/p>\n<p>Algumas pessoas, \u00e0 medida que v\u00e3o envelhecendo, n\u00e3o perdem a beleza; apenas a transferem do rosto para o cora\u00e7\u00e3o.<br \/>\nMartin Buxbaun<\/p>\n<p>A paz resulta n\u00e3o da aus\u00eancia de conflitos na nossa vida mas da nossa capacidade para os contornar.<\/p>\n<p>N\u00e3o h\u00e1 compara\u00e7\u00e3o entre o que se perde por fracassar e o que se perde por n\u00e3o tentar.<br \/>\nFrancis Bacon<\/p>\n<p>O que \u00e9 ensinado em escolas e universidades n\u00e3o representa educa\u00e7\u00e3o mas s\u00e3o meios para obt\u00ea-la.<br \/>\nEmerson<\/p>\n<p>A educa\u00e7\u00e3o \u00e9 uma descoberta progressiva da nossa ignor\u00e2ncia.<br \/>\nWill Durant<\/p>\n<p>O meu ideal pol\u00edtico \u00e9 a democracia, para que todo o homem seja respeitado como indiv\u00edduo e nenhum venerado.<br \/>\nAlbert Einstein<\/p>\n<p>A maior prova de coragem \u00e9 suportar as derrotas sem perder o \u00e2nimo.<br \/>\nIngersoll<\/p>\n<p>O conselho raramente \u00e9 bem recebido e quem mais necessita dele \u00e9 quem menos o aprecia.<br \/>\nChesterfield<\/p>\n<p>A coragem significa um forte desejo de viver, sob a forma de disposi\u00e7\u00e3o para morrer.<br \/>\nChesterton<\/p>\n<p>Procure ser um homem de valor, em vez de procurar ser um homem de sucesso.<br \/>\nAlbert Einstein<\/p>\n<p>A nossa experi\u00eancia comp\u00f5e-se mais de ilus\u00f5es perdidas do que experi\u00eancias adquiridas.<br \/>\nJoseph Roux<\/p>\n<p>S\u00ea senhor da tua vontade e escravo da tua consci\u00eancia.<br \/>\nArist\u00f3teles<\/p>\n<p>Amar \u00e9 ter a coragem de continuar a caminhada para fazer algu\u00e9m feliz.<br \/>\nAlmir<\/p>\n<p>N\u00e3o deixe a sua ambi\u00e7\u00e3o rugir, se a sua energia mal pode sussurrar.<\/p>\n<p>As explica\u00e7\u00f5es desperdi\u00e7am tempo e papel, retardam a ac\u00e7\u00e3o e acabam aborrecendo, o melhor \u00e9 ler com aten\u00e7\u00e3o.<br \/>\nMachado de Assis<\/p>\n<p>Para se ter uma vida longa \u00e9 preciso viver devagar.<br \/>\nC\u00edcero<\/p>\n<p>Manifestam a exist\u00eancia de Deus os que dizem que s\u00e3o ateus. Se Deus n\u00e3o existisse n\u00e3o haveria ateus.<br \/>\nJessemyn West<\/p>\n<p>A desvantagem do capitalismo \u00e9 a desigual distribui\u00e7\u00e3o das riquezas; a vantagem do socialismo \u00e9 a igual distribui\u00e7\u00e3o das mis\u00e9rias.<br \/>\nW.Churchill<\/p>\n<p>H\u00e1 livros escritos para evitar espa\u00e7os vazios na estante.<br \/>\nCarlos Drummond<\/p>\n<p>O pessimismo \u00e9 uma enfermidade do esp\u00edrito.<br \/>\nAscarate<\/p>\n<p>Devemos tentar o imposs\u00edvel para obter o melhor poss\u00edvel.<br \/>\nNiccolini<\/p>\n<p>Errar e n\u00e3o emendar-se \u00e9 errar duplamente.<\/p>\n<p>Quem fica na ponta dos p\u00e9s, tem pouca firmeza.<br \/>\nLao-Ts\u00e9<\/p>\n<p>O p\u00e1ssaro prefere um simples ramo a uma gaiola de ouro.<\/p>\n<p>Quem abre o cora\u00e7\u00e3o \u00e0 ambi\u00e7\u00e3o, fecha-a \u00e0 serenidade.<\/p>\n<p>Conta-me o teu passado e saberei o teu futuro.<br \/>\nConf\u00facio<\/p>\n<p>O homem realmente culto n\u00e3o se envergonha de fazer perguntas tamb\u00e9m aos menos instru\u00eddos.<br \/>\nLao-Ts\u00e9<\/p>\n<p>Quando vieste ao mundo, choravas, enquanto todos se alegravam \u00e0 tua volta. Procura viver de modo que ao deixares este mundo, todos chorem e apenas tu sorrias<\/p>\n<p>Nunca se \u00e9 demasiado velho para crescer.<br \/>\nShirley Conran<\/p>\n<p>Nenhum espelho reflecte melhor a imagem do homem que as suas palavras.<br \/>\nJuan Luis Vives<\/p>\n<p>Mesmo em dias de sol, h\u00e1 os obstinados que teimam em ver apenas as pr\u00f3prias sombras.<br \/>\nArthur Helps<\/p>\n<p>A coisa mais indispens\u00e1vel a um homem \u00e9 reconhecer o uso que deve fazer do seu pr\u00f3prio conhecimento.<br \/>\nPlat\u00e3o<\/p>\n<p>O pessimista v\u00ea dificuldades em todas as oportunidades e o optimista v\u00ea oportunidades em todas as dificuldades.<\/p>\n<p>H\u00e1 coisas mais importantes que o dinheiro, s\u00f3 que para conseguir essas coisas, \u00e9 preciso ter dinheiro.<\/p>\n<p>Pouco se pode esperar de algu\u00e9m que s\u00f3 se esfor\u00e7a quando tem a certeza de vir a ser recompensado.<br \/>\nJ.Ortega y Gasset<\/p>\n<p>As pessoas mais insuport\u00e1veis s\u00e3o os homens que se acham geniais e as mulheres que se acham irrest\u00edveis.<\/p>\n<p>N\u00e3o h\u00e1 nada que valha a dignidade do sil\u00eancio.<br \/>\nJ\u00falio Dantas<\/p>\n<p>Os homens s\u00e3o como as ondas, quando uma gera\u00e7\u00e3o floresce, a outra declina.<br \/>\nVitor Hugo<\/p>\n<p>Ler fornece ao esp\u00edrito materiais para o conhecimento mas s\u00f3 o pensar faz nosso o que lemos.<\/p>\n<p>Ningu\u00e9m pode ver nem compreender nos outros o que ele pr\u00f3prio n\u00e3o tiver vivido.<br \/>\nHermann Hesse<\/p>\n<p>Uma pessoa s\u00f3 \u00e9 ela pr\u00f3pria quando ningu\u00e9m est\u00e1 a olhar.<br \/>\nAnn Landers<\/p>\n<p>Quem julga as pessoas n\u00e3o tem tempo para am\u00e1-las.<br \/>\nMadre Teresa de Calcut\u00e1<\/p>\n<p>A humildade \u00e9 a \u00fanica base s\u00f3lida de todas as virtudes.<br \/>\nConf\u00facio<\/p>\n<p>A entoa\u00e7\u00e3o pode dizer muito mais do que as palavras que proferimos.<\/p>\n<p>O louvor vale pela pessoa que o d\u00e1.<br \/>\nM.Cervantes<\/p>\n<p>O homem que n\u00e3o l\u00ea n\u00e3o tem mais m\u00e9rito que o homem que n\u00e3o sabe ler.<br \/>\nMark Twain<\/p>\n<p>A vida \u00e9 como a m\u00fasica. Deve ser composta de ouvido, com sensibilidade e intui\u00e7\u00e3o, nunca por normas r\u00edgidas.<\/p>\n<p>Onde h\u00e1 uma vontade forte, n\u00e3o deve haver grandes dificuldades.<br \/>\nMaquiavel<\/p>\n<p>O tempo \u00e9 o mais s\u00e1bio dos conselheiros.<br \/>\nPlutarco<\/p>\n<p>Nunca se pode concordar em rastejar, quando se sente \u00edmpeto de voar.<br \/>\nHelen Keller<\/p>\n<p>A ignor\u00e2ncia \u00e9 audaz; a sabedoria, reservada.<br \/>\nTuc\u00eddedes<\/p>\n<p>A fortuna d\u00e1 demasiado a muitos, mas nunca o bastante a ningu\u00e9m.<br \/>\nMartial<\/p>\n<p>Quando n\u00e3o se pode fazer tudo o que se deve, deve-se fazer tudo o que se pode.<br \/>\nMax Frontin<\/p>\n<p>O trabalho produz dinheiro. O bom senso conserva-o.<br \/>\nSmiles<\/p>\n<p>O choque de opini\u00f5es contr\u00e1rias faz brotar a chama da verdade.<br \/>\nYoung<\/p>\n<p>O que faz andar o barco n\u00e3o \u00e9 a vela enfunada mas o vento que n\u00e3o se v\u00ea.<\/p>\n<p>O t\u00e9dio entre duas pessoas n\u00e3o provem de estarem juntas fisicamente; provem de estarem longe mental e espiritualmente.<\/p>\n<p>N\u00e3o continuar a aprender \u00e9 esquecer o que se sabe.<\/p>\n<p>A leitura \u00e9 para o intelecto o que o exerc\u00edcio \u00e9 para o corpo.<br \/>\nAdisson<\/p>\n<p>A originalidade n\u00e3o \u00e9 mais do que uma imita\u00e7\u00e3o criteriosa.<br \/>\nVoltaire<\/p>\n<p>Se fosse concedida liberdade somente aos que a compreendem, n\u00e3o existiriam muitos homens livres no mundo.<br \/>\nGeorge Savilla<\/p>\n<p>O homem tem a idade que sente; a mulher a idade que a aparenta.<br \/>\nM.Collins<\/p>\n<p>Os velhos acreditam em tudo, as pessoas de meia idade suspeitam de tudo, os jovems sabem tudo.<br \/>\n\u00d3scar wilde<\/p>\n<p>A nossa maior derrota \u00edntima \u00e9 compararmos o que somos com o que poder\u00edamos ser.<br \/>\nMontagne<\/p>\n<p>Saber como se faz uma coisa \u00e9 f\u00e1cil; faz\u00ea-la \u00e9 que \u00e9 dif\u00edcil.<\/p>\n<p>S\u00f3 tem direito de criticar aquele que pretende ajudar.<br \/>\nA.Lincoln<\/p>\n<p>O mundo julga-nos, n\u00e3o pelo que somos mas pelo que parecemos ser.<\/p>\n<p>O pessimista senta-se e lastima; o optimista levanta-se e age.<br \/>\nA.C.Jesus<\/p>\n<p>Devemos proceder de modo que ao despedirmo-nos, fique de n\u00f3s o desejo do reencontro.<\/p>\n<p>N\u00e3o quero ser g\u00e9nio\u2026 j\u00e1 tenho problemas suficientes ao tentar ser um homem.<br \/>\nA.Camus<\/p>\n<p>A verdadeira coragem n\u00e3o \u00e9 somente um bal\u00e3o para a ascens\u00e3o, \u00e9 tamb\u00e9m um p\u00e1ra-quedas na hora da descida. Ludwig-Borne<\/p>\n<p>Para ser grande \u00e9 necess\u00e1rio 99% de talento, 99% de disciplina e 99% de trabalho.<br \/>\nWilliam Faulkner<\/p>\n<p>A raz\u00e3o escraviza todas as mentes que n\u00e3o s\u00e3o suficientemente fortes para a dominarem.<br \/>\nBernard Shaw<\/p>\n<p>Se deres um peixe a um homem faminto vais aliment\u00e1-lo por um dia. Se o ensinares a pescar vais aliment\u00e1-lo toda a vida.<br \/>\nLao-Ts\u00e9<\/p>\n<p>Olho por olho e o mundo acabar\u00e1 cego.<br \/>\nGandhi<\/p>\n<p>O homem morre a primeira vez quando perde o entusiasmo.<\/p>\n<p>N\u00e3o saber \u00e9 mau, n\u00e3o querer saber \u00e9 pior.<br \/>\nFernando Pulgar<\/p>\n<p>A liberta\u00e7\u00e3o do desejo conduz \u00e0 paz interior.<br \/>\nLao-Ts\u00e9<\/p>\n<p>Perder tempo a aprender coisas que n\u00e3o interessam, priva-nos de descobrir coisas interessantes.<br \/>\nCarlos Drummond<\/p>\n<p>Simpatizo com as pessoas de aspecto simples; as outras lembram-me os presentes que, embora de conte\u00fado sup\u00e9rfulo, s\u00e3o envoltos em papel muito vistoso e com um grande la\u00e7arote.<br \/>\nNunes dos santos<\/p>\n<p>\u00c9 bom ensinar desde que se pratique o que se ensina.<br \/>\nS.In\u00e1cio de Ant\u00edoquia<\/p>\n<p>Todos os homens, sem excep\u00e7\u00e3o, procuram ser felizes. Embora por meios diferentes, tendem todos para esse fim.<br \/>\nPascal<\/p>\n<p>Ser feliz sem motivo, \u00e9 a mais aut\u00eantica forma de felicidade.<br \/>\nCarlos Drummond<\/p>\n<p>Haveria menos mal no mundo se o bem n\u00e3o pusesse ser feito sob a apar\u00eancia do bem.<br \/>\nM.Eschenbach<\/p>\n<p>Sofremos muito com o pouco que nos falta e gozamos pouco o muito que temos.<br \/>\nShakespeare<\/p>\n<p>N\u00e3o \u00e9 preciso fazer coisas extraordin\u00e1rias mas fazer tudo extraordinariamente bem.<br \/>\nSt\u00aa Teresa do Menino Jesus<\/p>\n<p>N\u00e3o devo desejar ser aquilo que n\u00e3o sou mas ser muito bem o que sou.<br \/>\nJo\u00e3o XXIII<\/p>\n<p>Aquele que castiga quando est\u00e1 irritado, n\u00e3o corrige, vinga-se.<br \/>\nMontaigne<\/p>\n<p>A confian\u00e7a \u00e9 a mola misteriosa que impulsiona toda a for\u00e7a que existe em n\u00f3s.<br \/>\nE.Thiriet<\/p>\n<p>Um esp\u00edrito mesquinho \u00e9 como um microsc\u00f3pio: aumenta as coisas pequenas mas impede de ver as grandes.<br \/>\nChesterfield<\/p>\n<p>Os homens deviam ser o que parecem ou, pelo menos, n\u00e3o parecerem o que n\u00e3o s\u00e3o.<br \/>\nShakespeare<\/p>\n<p>Castigar bem \u00e9 uma coisa muito dif\u00edcil por ser uma ac\u00e7\u00e3o espiritual.<br \/>\nPadre Am\u00e9rico<\/p>\n<p>A crian\u00e7a \u00e9 um ser que vai ser.<br \/>\nL. de Lenval<\/p>\n<p>Vivi muito e quando me pergunto o que \u00e9 que mais serve na vida, respondo: a bondade.<br \/>\nG.Doumergue<\/p>\n<p>O que o dinheiro faz por n\u00f3s, n\u00e3o compensa o que n\u00f3s fazemos por ele.<br \/>\nG.Flaubert<\/p>\n<p>A juventude \u00e9 uma fase na vida em que se tem mais ideais do que ideias.<\/p>\n<p>Os maus governantes s\u00e3o eleitos pelos bons cidad\u00e3os que n\u00e3o votam.<br \/>\nGeorge Nathan<\/p>\n<p>Muitas pessoas passam tanto tempo a cuidar da sa\u00fade que n\u00e3o t\u00eam tempo de desfrut\u00e1-la.<br \/>\nJhon Billings<\/p>\n<p>Arrependo-me muitas vezes de ter falado, nunca de me ter calado.<br \/>\nSiro<\/p>\n<p>O Pr\u00f3prio Cristo que pregava a exist\u00eancia cheia de amor, foi o homem mais solit\u00e1rio que viveu.<br \/>\nThmas Wolfe<\/p>\n<p>A democracia \u00e9 boa principalmente porque os outros sistema s\u00e3o piores.<br \/>\nNerhu<\/p>\n<p>Nunca despreze os pequenos quando estiver a subir, pois poder\u00e1 encontr\u00e1-los quando estiver a descer.<\/p>\n<p>H\u00e1 homens que s\u00e3o como as velas; sacrificam-se, queimando-se para dar luz aos outros.<br \/>\nP. Ant\u00f3nio Vieira<\/p>\n<p>Se soubessemos quantas e quantas vezes as nossas palavras s\u00e3o mal intepretadas, haveria muito mais sil\u00eamncio neste mundo.<br \/>\n\u00d3scar Wilde<\/p>\n<p>O facto de ser o sil\u00eancio de ouro explica porque \u00e9 t\u00e3o raro.<\/p>\n<p>Tr\u00eas coisas devem ser feitas por um juiz: ouvir atentamente, considerar sobriamente e decidir imparcialmente.<br \/>\nS\u00f3crates<\/p>\n<p>Aprender sem pensar \u00e9 tempo perdido.<br \/>\nConf\u00facio<\/p>\n<p>A vida n\u00e3o pode existir em sociedade sen\u00e3o atrav\u00e9s de concess\u00f5es rec\u00edprocas.<br \/>\nJohnson<\/p>\n<p>N\u00e3o nos libertamos de um h\u00e1bito, atirando-o pela janela; \u00e9 preciso faz\u00ea-lo descer a escada, degrau a degrau.<br \/>\nMark Twain<\/p>\n<p>O grande homem nem sempre \u00e9 aquele que mais se destaca.<\/p>\n<p>Tudo o que vi me ensina a confiar no Criador para o que ainda n\u00e3o vi.<br \/>\nEmerson<\/p>\n<p>O que vemos depende em grande parte do que procuramos.<br \/>\nJohn Lubbock<\/p>\n<p>Estou sempre disposto a aprender mas nem sempre gosto que me ensinem.<br \/>\nW.Churchill<\/p>\n<p>Sem actividade n\u00e3o h\u00e1 intelig\u00eancia.<br \/>\nJean Piaget<\/p>\n<p>A pior coisa da vida \u00e9 que envelhecemos em cada dia.<br \/>\nP.Row<\/p>\n<p>Grande parte dos homens, quando chegam a certa idade, temem e detestam a velhice; \u00e9 por isso que a maioria envelhece mal e morre antes do tempo.<br \/>\nG.Papini<\/p>\n<p>S\u00ea senhor da tua vontade e escravo da tua consci\u00eancia.<\/p>\n<p>\u00c9 f\u00e1cil amar os que est\u00e3o longe. Mas nem sempre \u00e9 f\u00e1cil amar os que vivem ao nosso lado.<br \/>\nMadre Teresa de Calcut\u00e1<\/p>\n<p>N\u00e3o desanimes! Frequentemente, \u00e9 a \u00faltima chave do molho a que abre a fechadura.<br \/>\nTroty<\/p>\n<p>A maior prova de coragem \u00e9 suportar as derrotas sem perder o \u00e2nimo.<br \/>\nIngersoll<\/p>\n<p>Quem n\u00e3o faz sacrif\u00edcios n\u00e3o alcan\u00e7a benef\u00edcios.<br \/>\nMarqu\u00eas de Maric\u00e1<\/p>\n<p>Quem pensa pouco, erra muito.<br \/>\nLeonardo da Vinci<\/p>\n<p>O homem prudente n\u00e3o diz tudo quanto pensa mas pensa tudo quanto diz<br \/>\nArist\u00f3teles<\/p>\n<p>Nunca se resolvem problemas quando estes s\u00e3o adiados.<br \/>\nJ.Paul Schmitt<\/p>\n<p>N\u00e3o h\u00e1 nada que baixe mais o n\u00edvel de uma conversa do que elevar a voz.<\/p>\n<p>N\u00e3o devemos censurar as faltas alheias porque, em circunst\u00e2ncias id\u00eanticas, talvez o nosso procedimento fosse pior.<br \/>\nDante Veoleci<\/p>\n<p>A verdadeira palavra do homem \u00e9 a palavra escrita porque s\u00f3 ela \u00e9 imortal.<br \/>\nJo\u00e3o de Deus<\/p>\n<p>As palavras sinceras nem sempre s\u00e3o agrad\u00e1veis e as palavras agrad\u00e1veis nem sempre s\u00e3o sinceras.<br \/>\nTau-Te-King<\/p>\n<p>Ao ser ferido pelo luto, o homem experimenta o pr\u00f3prio nada.<br \/>\nGilles Becquet<\/p>\n<p>Nunca sejas altivo com o humilde. Nunca sejas humilde com altivo.<br \/>\nJefferson Davis<\/p>\n<p>Se a palavra ilumina o exemplo arrasta.<br \/>\nJean Radermekers<\/p>\n<p>Ainda que as circunst\u00e2ncias influam sobre o nosso car\u00e1cter, a vontade pode modificar as circunst\u00e2ncias em nosso favor.<br \/>\nStuart Mill<\/p>\n<p>\u00c9 preciso despertar no homem moderno o sopro da simpatia humana.<br \/>\nPaulo VI<\/p>\n<p>Assim como o perfume \u00e9 a express\u00e3o da flor, o pensamento \u00e9 o perfume do esp\u00edrito<br \/>\nJ.M.Macedo<\/p>\n<p>Pouco se pode esperar de algu\u00e9m que s\u00f3 se esfor\u00e7a quando tem a certeza de vir a ser recompensado.<br \/>\nJ.Ortega y Gasset<\/p>\n<p>O sil\u00eancio, tal como a modestia, ajuda muito numa conversa\u00e7\u00e3o.<br \/>\nMontaigne<\/p>\n<p>As pessoas grandes falam de ideias. As pessoas normais falam de coisas. As pessoas pequenas falam de outras pessoas.<\/p>\n<p>De entre um grupo de pessoas que falam da vida alheia, a que tem menos sorte \u00e9 a que se despede em primeiro lugar: \u00e9 que certamente as restantes ficar\u00e3o a falar dela.<\/p>\n<p>Nunca \u00e9 cedo para uma gentileza porque nunca se sabe quando poder\u00e1 ser tarde demais.<br \/>\nRalph Emerson<\/p>\n<p>Um homem honesto \u00e9 a obra mais nobre de Deus.<br \/>\nAlexander Pope<\/p>\n<p>Nada pode manchar um homem de bem, seja em vida ou na morte.<br \/>\nSocrates<\/p>\n<p>Aos olhos de quem ama, o corvo \u00e9 branco; aos olhos de quem odeia, a gar\u00e7a \u00e9 negra.<\/p>\n<p>O pessimista queixa-se do vento; o optimista espera que ele mude, o realista ajusta as velas.<\/p>\n<p>Quando atr\u00e1s das palavras se esconde o exemplo, as palavras tornam-se irresist\u00edveis.<\/p>\n<p>Se n\u00e3o fossem as adversidades e os sofrimentos nunca saber\u00edamos metade do bem que nos rodeia.<\/p>\n<p>O que faz a felicidade n\u00e3o \u00e9 o repouso mas o esfor\u00e7o, n\u00e3o \u00e9 a facilidade mas a dificuldade.<br \/>\nAtkison<\/p>\n<p>A vida n\u00e3o consiste em ter boas cartas na m\u00e3o, mas sim em jogar bem as que se tem.<br \/>\nJosh Billings.<\/p>\n<p>N\u00e3o desanime! Frequentemente \u00e9 a ultima chave do molho a que abre a fechadura.<br \/>\nTroty!<\/p>\n<p>A vida \u00e9 uma pedra de amolar: desgasta-nos ou afia-nos, conforme o metal de que somos feitos.<br \/>\nGeorge Bernard Shaw<\/p>\n<p>O futuro \u00e9 como um papel em branco em que podemos escrever nele o que queremos.<br \/>\nMarqu\u00eas de Maric\u00e1<\/p>\n<p>S\u00e3o as palavras que solucionam os mal-entendidos; n\u00e3o s\u00e3o os sil\u00eancios nem as gargalhadas.<br \/>\nFernanda Laguez<\/p>\n<p>Geralmente descobrimos o que fazer percebendo aquilo que n\u00e3o devemos fazer. E provavelmente aquele que nunca cometeu urn erro nunca fez uma descoberta.<br \/>\nSanuel Smilles<\/p>\n<div><\/div>\n","protected":false},"excerpt":{"rendered":"<p>Nunca desvalorize ningu\u00e9m na sua vida! Pode ser poderoso hoje, mas lembre-se que o tempo \u00e9 ainda mais poderoso: as circunst\u00e2ncias podem mudar a qualquer momento. \u2022Um p\u00e1ssaro pode comer muitas formigas, mas \u2026 quando morre \u00e9 por elas comido. \u2022Uma \u00e1rvore faz um milh\u00e3o de f\u00f3sforos, mas basta apenas um f\u00f3sforo para queimar um &hellip; <\/p>\n<p><a class=\"more-link btn\" href=\"https:\/\/dacruz.pt\/?page_id=51\">Continue reading<\/a><\/p>\n","protected":false},"author":1,"featured_media":0,"parent":0,"menu_order":3,"comment_status":"closed","ping_status":"closed","template":"","meta":{"footnotes":""},"class_list":["post-51","page","type-page","status-publish","hentry","nodate","item-wrap"],"_links":{"self":[{"href":"https:\/\/dacruz.pt\/index.php?rest_route=\/wp\/v2\/pages\/51","targetHints":{"allow":["GET"]}}],"collection":[{"href":"https:\/\/dacruz.pt\/index.php?rest_route=\/wp\/v2\/pages"}],"about":[{"href":"https:\/\/dacruz.pt\/index.php?rest_route=\/wp\/v2\/types\/page"}],"author":[{"embeddable":true,"href":"https:\/\/dacruz.pt\/index.php?rest_route=\/wp\/v2\/users\/1"}],"replies":[{"embeddable":true,"href":"https:\/\/dacruz.pt\/index.php?rest_route=%2Fwp%2Fv2%2Fcomments&post=51"}],"version-history":[{"count":7,"href":"https:\/\/dacruz.pt\/index.php?rest_route=\/wp\/v2\/pages\/51\/revisions"}],"predecessor-version":[{"id":406,"href":"https:\/\/dacruz.pt\/index.php?rest_route=\/wp\/v2\/pages\/51\/revisions\/406"}],"wp:attachment":[{"href":"https:\/\/dacruz.pt\/index.php?rest_route=%2Fwp%2Fv2%2Fmedia&parent=51"}],"curies":[{"name":"wp","href":"https:\/\/api.w.org\/{rel}","templated":true}]}}